 is the greatest common divisor of 1035 and 86043?
69
What is the highest common divisor of 91 and 313859?
91
What is the highest common factor of 10620 and 270?
90
What is the greatest common factor of 11248035 and 46?
23
Calculate the greatest common divisor of 956 and 64769.
239
Calculate the highest common factor of 1584 and 7200.
144
What is the greatest common divisor of 66 and 486?
6
Calculate the greatest common factor of 10293295 and 445.
445
What is the greatest common factor of 3200 and 7025?
25
Calculate the greatest common divisor of 460206 and 6.
6
What is the greatest common divisor of 60775 and 170?
85
Calculate the greatest common factor of 4455 and 14985.
405
Calculate the greatest common factor of 19893 and 475.
19
What is the highest common divisor of 40619 and 151?
151
What is the highest common divisor of 16 and 322352?
16
What is the highest common factor of 17886 and 22222?
542
Calculate the greatest common divisor of 12520 and 1680.
40
What is the greatest common divisor of 39777 and 6?
3
What is the highest common divisor of 19651 and 46999?
43
What is the greatest common factor of 29441 and 30439?
499
What is the greatest common divisor of 95 and 592021?
19
Calculate the greatest common factor of 137240 and 45.
5
Calculate the highest common factor of 1320 and 1556016.
264
What is the highest common factor of 21976 and 1742?
134
Calculate the greatest common factor of 12135 and 624548.
809
Calculate the greatest common factor of 38 and 1335358.
38
Calculate the highest common factor of 3230 and 114.
38
Calculate the greatest common factor of 365900 and 250.
50
Calculate the greatest common divisor of 53 and 247351.
53
Calculate the highest common factor of 44296 and 9040.
904
What is the highest common factor of 20475 and 1260?
315
Calculate the greatest common factor of 20 and 68270.
10
Calculate the greatest common factor of 117 and 327006.
9
What is the highest common factor of 1588834 and 2756?
1378
What is the highest common factor of 406451 and 295?
59
What is the greatest common divisor of 498645 and 315?
315
What is the greatest common factor of 16 and 59608?
8
What is the highest common factor of 53 and 110611?
53
Calculate the highest common divisor of 3960 and 8856.
72
What is the greatest common divisor of 4541 and 101097?
239
What is the highest common factor of 1946 and 23074?
278
Calculate the greatest common divisor of 954 and 38.
2
What is the greatest common factor of 2855242 and 52?
26
Calculate the highest common factor of 102 and 291142.
34
What is the highest common factor of 35225 and 100?
25
What is the greatest common divisor of 285339 and 2043?
681
What is the highest common factor of 212 and 169600?
212
Calculate the highest common divisor of 1576 and 5256.
8
What is the greatest common divisor of 68684 and 616?
308
What is the greatest common divisor of 208 and 22704?
16
What is the greatest common factor of 1467 and 279056?
163
Calculate the greatest common divisor of 238 and 5460.
14
Calculate the highest common factor of 178 and 26077.
89
Calculate the highest common divisor of 4932 and 3114.
18
Calculate the highest common factor of 133 and 2070449.
19
What is the greatest common divisor of 205277 and 123793?
1567
Calculate the highest common factor of 50 and 110875.
25
What is the highest common factor of 273247 and 13?
13
Calculate the greatest common factor of 397005 and 114.
57
What is the highest common divisor of 1728 and 1854?
18
What is the highest common factor of 7946 and 685?
137
What is the greatest common divisor of 1824003 and 18?
9
What is the highest common factor of 8385 and 13?
13
What is the highest common factor of 119 and 2639?
7
What is the greatest common factor of 24589 and 6499?
67
Calculate the greatest common divisor of 12593 and 2352.
49
Calculate the greatest common factor of 58107 and 21.
21
What is the highest common divisor of 15 and 9627?
3
What is the greatest common factor of 5 and 75239?
1
Calculate the highest common divisor of 55568 and 2.
2
Calculate the highest common divisor of 300 and 61000.
100
Calculate the highest common factor of 16764 and 165.
33
Calculate the greatest common divisor of 6831 and 6992.
23
What is the highest common factor of 1574 and 1113605?
787
What is the greatest common divisor of 23381 and 681?
227
Calculate the greatest common divisor of 77804 and 20.
4
What is the highest common divisor of 56528 and 16?
16
What is the highest common divisor of 396348 and 12?
12
What is the highest common divisor of 3370 and 258142?
674
Calculate the greatest common divisor of 784890 and 1254.
114
What is the highest common factor of 30 and 64905?
15
Calculate the greatest common factor of 7 and 335321.
7
What is the highest common factor of 4389 and 28899?
57
Calculate the highest common factor of 518 and 1974.
14
Calculate the highest common divisor of 226720 and 1526.
218
What is the greatest common factor of 199063 and 988?
19
Calculate the greatest common divisor of 1020 and 4980.
60
What is the highest common factor of 244 and 59902?
122
Calculate the greatest common divisor of 6426 and 69258.
714
What is the highest common divisor of 3206 and 1254462?
458
Calculate the greatest common divisor of 1772268 and 12.
12
What is the greatest common factor of 20492 and 22?
2
What is the greatest common factor of 918 and 43?
1
Calculate the greatest common divisor of 237281 and 74.
37
Calculate the greatest common factor of 180 and 512100.
180
Calculate the greatest common factor of 1339 and 88271.
103
Calculate the greatest common divisor of 138938 and 73298.
1094
Calculate the highest common factor of 146934 and 1814.
1814
What is the greatest common factor of 67428 and 5148?
36
What is the highest common factor of 53625 and 1300?
325
What is the highest common factor of 10 and 5470?
10
What is the greatest common factor of 103 and 177?
1
What is the highest common factor of 30 and 34005?
15
What is the greatest common factor of 2160 and 200160?
720
What is the highest common divisor of 74 and 14726?
74
Calculate the highest common factor of 364596 and 621.
69
What is the highest common factor of 2499 and 11900?
119
What is the greatest common divisor of 98107 and 68?
17
What is the greatest common divisor of 78729 and 161?
161
What is the highest common factor of 18216 and 136?
8
What is the highest common factor of 566 and 27734?
566
What is the greatest common factor of 13 and 37817?
13
Calculate the highest common factor of 502 and 767809.
251
What is the greatest common divisor of 17510 and 1462?
34
Calculate the greatest common factor of 39775 and 539650.
1075
Calculate the greatest common factor of 386 and 781843.
193
Calculate the highest common factor of 144 and 465732.
36
Calculate the greatest common divisor of 71184 and 552.
24
What is the highest common divisor of 507561 and 17979?
1383
What is the greatest common factor of 188 and 142034?
94
What is the highest common divisor of 493 and 21709?
17
What is the highest common divisor of 37504 and 32128?
128
What is the greatest common divisor of 329582 and 35926?
1562
Calculate the greatest common divisor of 6828 and 552.
12
Calculate the greatest common divisor of 350 and 926940.
70
What is the highest common divisor of 867 and 3903?
3
Calculate the greatest common divisor of 37761 and 164.
41
What is the greatest common factor of 131144 and 8?
8
Calculate the highest common factor of 18291 and 402.
201
Calculate the greatest common factor of 17618 and 5014.
46
Calculate the highest common factor of 140460 and 5.
5
Calculate the highest common divisor of 137 and 15481.
137
Calculate the greatest common factor of 25 and 118725.
25
Calculate the highest common divisor of 739464 and 264.
264
Calculate the greatest common divisor of 12803 and 310.
31
What is the highest common divisor of 5076 and 108?
108
What is the highest common factor of 126 and 392?
14
What is the greatest common factor of 280794 and 159?
159
What is the highest common factor of 65208 and 258?
6
Calculate the highest common divisor of 9968 and 34532.
356
What is the greatest common factor of 4336 and 15989?
271
What is the greatest common divisor of 243868 and 12?
4
What is the highest common divisor